{"id":7,"date":"2014-06-04T22:06:33","date_gmt":"2014-06-04T20:06:33","guid":{"rendered":"http:\/\/www.checkpoint-worbis.de?page_id=7"},"modified":"2020-03-21T19:56:44","modified_gmt":"2020-03-21T17:56:44","slug":"checkpoint-worbis","status":"publish","type":"page","link":"https:\/\/www.checkpoint-worbis.de\/","title":{"rendered":"Checkpoint Worbis"},"content":{"rendered":"<p>Die Check Point Worbis GmbH wurde im Jahr 2000 gegr\u00fcndet und verf\u00fcgt \u00fcber eine gro\u00dfr\u00e4umige Werkstatt mit modernster Einrichtung wie LKW Hebeb\u00fchnen, durchg\u00e4ngige Montagegrube, Bremsenpr\u00fcfstand f\u00fcr Nutzfahrzeuge und zeitgem\u00e4\u00dfe &#8220;Texa&#8221; Diagnoseger\u00e4te.<\/p>\n<p>Hauptuntersuchungen, Bremssonderpr\u00fcfungen und weitere Serviceleistungen werden wochentags, auch ohne Voranmeldungen durchgef\u00fchrt. Auch Samstags bietet die Firma diese Dienste an. Diese Flexibilit\u00e4t ist m\u00f6glich, denn das Ingenieurb\u00fcro Dieter Redemann ist am gleichen Standort in der Bodenfeldstra\u00dfe in Worbis ans\u00e4ssig.<\/p>\n<p>Schneller Pannenservice f\u00fcr PKW und LKW, besch\u00e4digungsfreies Abschleppen von Nutzfahrzeugen sowie Bergungen auch aus schwierigem Gel\u00e4nde ist eine weitere Leistung des Unternehmens. Daf\u00fcr stehen zwei moderne Abschlepp- und Bergefahrzeuge sowie ein mobiler Werkstattwagen mit umfangreicher Ausstattung zur Verf\u00fcgung.<\/p>\n<h4><strong>Angst vor N\u00e4he und damit vor Ansteckungsgefahr \u2026&#8230;<br \/>\nWir geben Ihnen die Zusage, den LKW abzuholen, Wartung, Reparatur und Reifenwechsel durchzuf\u00fchren<br \/>\nund dann, nach einer gr\u00fcndlichen bakteriellen Reinigung, clean zur\u00fcckzubringen. <\/strong><\/h4>\n<h4><em>Lassen Sie uns diese Zeit gemeinsam \u00fcberstehen und bleiben Sie gesund.<\/em><\/h4>\n","protected":false},"excerpt":{"rendered":"<p>Die Check Point Worbis GmbH wurde im Jahr 2000 gegr\u00fcndet und verf\u00fcgt \u00fcber eine gro\u00dfr\u00e4umige Werkstatt mit modernster Einrichtung wie LKW Hebeb\u00fchnen, durchg\u00e4ngige Montagegrube, Bremsenpr\u00fcfstand f\u00fcr Nutzfahrzeuge und zeitgem\u00e4\u00dfe &#8220;Texa&#8221; Diagnoseger\u00e4te. Hauptuntersuchungen, Bremssonderpr\u00fcfungen und weitere Serviceleistungen werden wochentags, auch ohne Voranmeldungen durchgef\u00fchrt. Auch Samstags bietet die Firma diese Dienste an. Diese Flexibilit\u00e4t ist m\u00f6glich, denn [&hellip;]<\/p>\n","protected":false},"author":1,"featured_media":0,"parent":0,"menu_order":0,"comment_status":"open","ping_status":"closed","template":"","meta":{"_acf_changed":false,"footnotes":""},"class_list":["post-7","page","type-page","status-publish","hentry"],"acf":[],"_links":{"self":[{"href":"https:\/\/www.checkpoint-worbis.de\/index.php?rest_route=\/wp\/v2\/pages\/7","targetHints":{"allow":["GET"]}}],"collection":[{"href":"https:\/\/www.checkpoint-worbis.de\/index.php?rest_route=\/wp\/v2\/pages"}],"about":[{"href":"https:\/\/www.checkpoint-worbis.de\/index.php?rest_route=\/wp\/v2\/types\/page"}],"author":[{"embeddable":true,"href":"https:\/\/www.checkpoint-worbis.de\/index.php?rest_route=\/wp\/v2\/users\/1"}],"replies":[{"embeddable":true,"href":"https:\/\/www.checkpoint-worbis.de\/index.php?rest_route=%2Fwp%2Fv2%2Fcomments&post=7"}],"version-history":[{"count":16,"href":"https:\/\/www.checkpoint-worbis.de\/index.php?rest_route=\/wp\/v2\/pages\/7\/revisions"}],"predecessor-version":[{"id":623,"href":"https:\/\/www.checkpoint-worbis.de\/index.php?rest_route=\/wp\/v2\/pages\/7\/revisions\/623"}],"wp:attachment":[{"href":"https:\/\/www.checkpoint-worbis.de\/index.php?rest_route=%2Fwp%2Fv2%2Fmedia&parent=7"}],"curies":[{"name":"wp","href":"https:\/\/api.w.org\/{rel}","templated":true}]}}